is divided by 9?
5
What is the remainder when 223 is divided by 103?
17
What is the remainder when 1511 is divided by 8?
7
What is the remainder when 29 is divided by 27?
2
Calculate the remainder when 531 is divided by 106.
1
What is the remainder when 108 is divided by 13?
4
What is the remainder when 251 is divided by 37?
29
Calculate the remainder when 126 is divided by 11.
5
What is the remainder when 517 is divided by 104?
101
What is the remainder when 68 is divided by 62?
6
Calculate the remainder when 8328 is divided by 238.
236
Calculate the remainder when 8 is divided by 5.
3
Calculate the remainder when 9058 is divided by 20.
18
What is the remainder when 1227 is divided by 355?
162
What is the remainder when 105 is divided by 48?
9
Calculate the remainder when 1026 is divided by 24.
18
Calculate the remainder when 55 is divided by 45.
10
What is the remainder when 473 is divided by 21?
11
Calculate the remainder when 707 is divided by 119.
112
Calculate the remainder when 170 is divided by 26.
14
What is the remainder when 32 is divided by 19?
13
Calculate the remainder when 246 is divided by 4.
2
Calculate the remainder when 2577 is divided by 86.
83
Calculate the remainder when 735 is divided by 53.
46
Calculate the remainder when 655 is divided by 165.
160
What is the remainder when 32 is divided by 14?
4
What is the remainder when 239 is divided by 7?
1
Calculate the remainder when 129 is divided by 45.
39
What is the remainder when 726 is divided by 73?
69
What is the remainder when 207 is divided by 36?
27
What is the remainder when 400 is divided by 15?
10
Calculate the remainder when 190 is divided by 21.
1
Calculate the remainder when 828 is divided by 83.
81
What is the remainder when 537 is divided by 54?
51
Calculate the remainder when 371 is divided by 370.
1
What is the remainder when 80 is divided by 52?
28
Calculate the remainder when 7498 is divided by 22.
18
What is the remainder when 703 is divided by 4?
3
Calculate the remainder when 552 is divided by 150.
102
What is the remainder when 68 is divided by 64?
4
What is the remainder when 214 is divided by 30?
4
Calculate the remainder when 208 is divided by 53.
49
What is the remainder when 159 is divided by 5?
4
Calculate the remainder when 1224 is divided by 391.
51
Calculate the remainder when 200 is divided by 37.
15
What is the remainder when 86177 is divided by 20?
17
Calculate the remainder when 1450 is divided by 54.
46
What is the remainder when 658 is divided by 60?
58
What is the remainder when 268 is divided by 21?
16
Calculate the remainder when 430 is divided by 164.
102
Calculate the remainder when 8463 is divided by 2821.
0
Calculate the remainder when 257 is divided by 12.
5
Calculate the remainder when 20535 is divided by 17.
16
Calculate the remainder when 193 is divided by 95.
3
Calculate the remainder when 1357 is divided by 40.
37
What is the remainder when 337 is divided by 86?
79
What is the remainder when 131 is divided by 10?
1
Calculate the remainder when 13906 is divided by 6951.
4
Calculate the remainder when 104 is divided by 24.
8
Calculate the remainder when 211 is divided by 4.
3
What is the remainder when 1111 is divided by 35?
26
Calculate the remainder when 1245 is divided by 16.
13
Calculate the remainder when 169 is divided by 19.
17
What is the remainder when 2797 is divided by 9?
7
What is the remainder when 1045 is divided by 35?
30
Calculate the remainder when 130 is divided by 33.
31
Calculate the remainder when 163 is divided by 84.
79
Calculate the remainder when 1548 is divided by 97.
93
What is the remainder when 2919 is divided by 19?
12
Calculate the remainder when 1373 is divided by 63.
50
What is the remainder when 290 is divided by 33?
26
What is the remainder when 2200 is divided by 132?
88
What is the remainder when 410 is divided by 143?
124
Calculate the remainder when 2336 is divided by 7.
5
What is the remainder when 3297 is divided by 26?
21
What is the remainder when 64 is divided by 38?
26
What is the remainder when 485 is divided by 81?
80
Calculate the remainder when 96 is divided by 44.
8
What is the remainder when 501 is divided by 96?
21
Calculate the remainder when 515 is divided by 135.
110
What is the remainder when 935 is divided by 94?
89
What is the remainder when 545 is divided by 42?
41
Calculate the remainder when 2008 is divided by 49.
48
What is the remainder when 725 is divided by 144?
5
What is the remainder when 217 is divided by 55?
52
What is the remainder when 194 is divided by 50?
44
Calculate the remainder when 159 is divided by 46.
21
What is the remainder when 1796 is divided by 449?
0
What is the remainder when 101 is divided by 27?
20
Calculate the remainder when 145 is divided by 94.
51
Calculate the remainder when 119 is divided by 41.
37
Calculate the remainder when 468 is divided by 91.
13
Calculate the remainder when 562 is divided by 39.
16
What is the remainder when 515 is divided by 11?
9
What is the remainder when 1546 is divided by 17?
16
What is the remainder when 25 is divided by 8?
1
What is the remainder when 1273 is divided by 5?
3
What is the remainder when 90 is divided by 7?
6
Calculate the remainder when 2283 is divided by 127.
124
Calculate the remainder when 50 is divided by 25.
0
What is the remainder when 13650 is divided by 37?
34
Calculate the remainder when 114 is divided by 4.
2
Calculate the remainder when 53 is divided by 28.
25
Calculate the remainder when 687 is divided by 53.
51
Calculate the remainder when 483 is divided by 7.
0
Calculate the remainder when 144 is divided by 92.
52
What is the remainder when 371 is divided by 90?
11
Calculate the remainder when 1056 is divided by 76.
68
What is the remainder when 51 is divided by 15?
6
What is the remainder when 66 is divided by 3?
0
Calculate the remainder when 3398 is divided by 50.
48
Calculate the remainder when 365 is divided by 7.
1
Calculate the remainder when 162 is divided by 28.
22
Calculate the remainder when 281 is divided by 94.
93
Calculate the remainder when 458 is divided by 51.
50
What is the remainder when 122 is divided by 105?
17
What is the remainder when 675 is divided by 158?
43
Calculate the remainder when 583 is divided by 509.
74
Calculate the remainder when 1196 is divided by 75.
71
What is the remainder when 206 is divided by 199?
7
Calculate the remainder when 60 is divided by 20.
0
What is the remainder when 554 is divided by 76?
22
Calculate the remainder when 917 is divided by 57.
5
Calculate the remainder when 139 is divided by 33.
7
What is the remainder when 7618 is divided by 127?
125
Calculate the remainder when 718 is divided by 217.
67
Calculate the remainder when 694 is divided by 173.
2
What is the remainder when 194 is divided by 109?
85
What is the remainder when 9749 is divided by 39?
38
Calculate the remainder when 49 is divided by 30.
19
Calculate the remainder when 1459 is divided by 61.
56
What is the remainder when 49 is divided by 40?
9
Calculate the remainder when 838 is divided by 279.
1
What is the remainder when 124 is divided by 32?
28
Calculate the remainder when 124 is divided by 36.
16
What is the remainder when 740 is divided by 244?
8
Calculate the remainder when 180 is divided by 84.
12
Calculate the remainder when 312 is divided by 81.
69
What is the remainder when 811 is divided by 58?
57
What is the remainder when 246 is divided by 54?
30
Calculate the remainder when 201 is divided by 29.
27
What is the remainder when 46 is divided by 22?
2
Calculate the remainder when 767 is divided by 70.
67
Calculate the remainder when 286 is divided by 1.
0
Calculate the remainder when 118 is divided by 41.
36
What is the remainder when 258 is divided by 31?
10
What is the remainder when 702 is divided by 16?
14
What is the remainder when 835 is divided by 65?
55
Calculate the remainder when 380 is divided by 15.
5
What is the remainder when 544 is divided by 270?
4
Calculate the remainder when 406 is divided by 12.
10
What is the remainder when 286 is divided by 96?
94
What is the remainder when 448 is divided by 149?
1
What is the remainder when 723 is divided by 237?
12
What is the remainder when 339 is divided by 182?
157
What is the 